hat is -1110 + 1153?
43
In base 3, what is -10222200 - -100?
-10222100
In base 14, what is -2 + -10d65?
-10d67
In base 3, what is -2101112021 + 11?
-2101112010
In base 9, what is 1852 - -208?
2161
In base 13, what is -ab + -16?
-c4
In base 7, what is -6343202 + 3?
-6343166
In base 2, what is 101 + -100000001101000110?
-100000001101000001
In base 13, what is -5 + 6048?
6043
In base 3, what is 1012211221 - -110?
1012212101
In base 11, what is 100a5 + 161?
10256
In base 2, what is -10010011001110 - 100?
-10010011010010
In base 5, what is -20000442 - -3?
-20000434
In base 2, what is 11 - -1000100100101000010?
1000100100101000101
In base 11, what is 939 - -a01?
183a
In base 16, what is -7 - af0?
-af7
In base 7, what is 216 + 16554?
20103
In base 6, what is 12 - -30325?
30341
In base 5, what is -20 + 2442040?
2442020
In base 8, what is 5 - -247231?
247236
In base 15, what is -58 + 10d2?
1079
In base 16, what is -802 - 35c?
-b5e
In base 15, what is -e + -5a0?
-5ae
In base 12, what is 5066 + 8?
5072
In base 4, what is 2 + 20221330?
20221332
In base 10, what is 2 + 540101?
540103
In base 12, what is -6aa3 + -3?
-6aa6
In base 9, what is -3012 + 26?
-2875
In base 11, what is 192 + -792?
-600
In base 13, what is -541a8 + -1?
-541a9
In base 10, what is 0 + 48812?
48812
In base 15, what is -46 + 71c?
6c6
In base 11, what is a50817 - 4?
a50813
In base 9, what is 37 - -4413?
4451
In base 9, what is -4 + 882128?
882124
In base 11, what is -690a - 1?
-6910
In base 12, what is 7 - 45586?
-4557b
In base 3, what is -12102200021 - -221?
-12102122100
In base 14, what is -30 - -3b45?
3b15
In base 6, what is -121405443 + 3?
-121405440
In base 15, what is 5 + 1056d?
10573
In base 5, what is 42024 + -13220?
23304
In base 13, what is -3b55 - b1?
-3c36
In base 10, what is 5 + -55244?
-55239
In base 7, what is 5 + 133365?
133403
In base 5, what is 3 - -3223014?
3223022
In base 5, what is -211 + 10110?
4344
In base 8, what is -1721 - -211?
-1510
In base 2, what is 10010000011001 + 1011?
10010000100100
In base 7, what is -4 - -65441?
65434
In base 8, what is 12330 - -111?
12441
In base 15, what is -1 - -880a?
8809
In base 12, what is 2 - -3590?
3592
In base 7, what is 505640 + -23?
505614
In base 10, what is -51 + -7226?
-7277
In base 4, what is 3 + -303022?
-303013
In base 9, what is -44 + -115?
-160
In base 16, what is 2871 + 131?
29a2
In base 12, what is 3385b + -4?
33857
In base 11, what is 3 + 21?
24
In base 11, what is -246 - 44?
-28a
In base 15, what is -35 - bbc3?
-bc08
In base 2, what is 0 - -110101110010111?
110101110010111
In base 3, what is -20 + -10011121022?
-10011121112
In base 9, what is -3112 + -5?
-3117
In base 14, what is 1 - -671c?
671d
In base 12, what is -6b9a6 + 5?
-6b9a1
In base 11, what is 2a087 + -27?
2a060
In base 16, what is -8 - 166?
-16e
In base 8, what is 16 - -65235?
65253
In base 15, what is -3 + -e23a?
-e23d
In base 7, what is -6 - -313531?
313522
In base 6, what is 13 - -24131?
24144
In base 3, what is -2 + -10221022?
-10221101
In base 9, what is 1 - -1142?
1143
In base 7, what is 21 + 1100010?
1100031
In base 5, what is 4 + 112211012?
112211021
In base 6, what is -3141122 - -1?
-3141121
In base 10, what is -5 - 126529?
-126534
In base 3, what is -1011002112 + 121?
-1011001221
In base 5, what is 4 - 22432302?
-22432243
In base 5, what is -132 + -24213?
-24400
In base 7, what is 34 - 23432?
-23365
In base 7, what is -235 - -316362?
316124
In base 7, what is 2522 - 2256?
233
In base 10, what is 11078 + 245?
11323
In base 6, what is 4121 - -2243?
10404
In base 12, what is 310 + -2149?
-1a39
In base 8, what is -5 - 15036?
-15043
In base 13, what is 2 - 703?
-701
In base 6, what is 10335210 + -3?
10335203
In base 11, what is -6 - 24a0?
-24a6
In base 3, what is -2000 + -1010000100?
-1010002100
In base 13, what is -1c4c - -41?
-1c0b
In base 14, what is -442c5 + -c?
-442d3
In base 15, what is 12b34b + -3?
12b348
In base 9, what is 5 + -733311?
-733305
In base 14, what is -4aa13 + 2?
-4aa11
In base 14, what is 1 - 1101aa?
-1101a9
In base 5, what is 31103 - -203?
31311
In base 6, what is -1133044 + 2?
-1133042
In base 5, what is -3 + -12242414?
-12242422
In base 11, what is 1 + -14858?
-14857
In base 2, what is 1 - -11011000110111?
11011000111000
In base 15, what is b0 + 0?
b0
In base 15, what is 2be6 + 8?
2bee
In base 5, what is 3 - 412410?
-412402
In base 12, what is 116038 - 3?
116035
In base 10, what is 6055 - 42?
6013
In base 5, what is 224 - 24340?
-24111
In base 15, what is -13ac5 + -35?
-13b0a
In base 13, what is 122307 - 2?
122305
In base 10, what is 4 - -226535?
226539
In base 16, what is -6e69 + 18?
-6e51
In base 6, what is -51315 + 24?
-51251
In base 6, what is -30042 - 505?
-30551
In base 10, what is 1 + -161699?
-161698
In base 4, what is 31011310 + -2?
31011302
In base 13, what is 1a + -a02?
-9b5
In base 7, what is -1331 + -3?
-1334
In base 6, what is -10324 - -1022?
-5302
In base 3, what is 11012 - 20?
10222
In base 3, what is -1101222200 + -1010?
-1102000210
In base 14, what is -65 - 69?
-d0
In base 2, what is -10000100 + 100011111101?
100001111001
In base 15, what is -75d - -7?
-756
In base 3, what is -1110 + 110200?
102020
In base 7, what is 1 - -5652?
5653
In base 8, what is -105330 + 1?
-105327
In base 15, what is 464 - 32?
432
In base 13, what is -8013 - -1?
-8012
In base 4, what is -1 - 120230223?
-120230230
In base 4, what is -12 + -222333?
-223011
In base 4, what is 11323203302 - -3?
11323203311
In base 4, what is -100321032 + 10?
-100321022
In base 8, what is -5765 + -601?
-6566
In base 12, what is -19a + -2255?
-2433
In base 12, what is 8a - -124?
1b2
In base 10, what is 2229 + 36?
2265
In base 15, what is 328d + -1?
328c
In base 2, what is 1011000 - -101111?
10000111
In base 13, what is 223 - 941?
-71b
In base 5, what is -10 - -221443302?
221443242
In base 9, what is -4155 - 766?
-5032
In base 6, what is 305 - -440?
1145
In base 4, what is -103030121 - -132?
-103023323
In base 9, what is -34 + -88?
-133
In base 13, what is 3ca + -693?
-296
In base 7, what is 40062 + -16?
40043
In base 14, what is -26 + -3c9?
-411
In base 12, what is -2a + 708?
69a
In base 6, what is 102243143 + -5?
102243134
In base 14, what is -d1 - -b4?
-1b
In base 12, what is -9 - 5b94?
-5ba1
In base 15, what is 47 - -95?
dc
In base 6, what is 3451 - 10?
3441
In base 7, what is 1131 + -206?
622
In base 3, what is -1221002 + 10122?
-1210110
In base 12, what is 2a7b6 - 2?
2a7b4
In base 8, what is 4611 - -2057?
6670
In base 3, what is 1221210 + -221?
1220212
In base 2, what is -10110000001 + -1001000000?
-11111000001
In base 8, what is 4 - -61223?
61227
In base 10, what is -1 - 495683?
-495684
In base 3, what is 10 + 1002220?
1010000
In base 7, what is -20142426 + -4?
-20142433
In base 13, what is -33791 - 9?
-3379a
In base 11, what is 2a21 - 10?
2a11
In base 5, what is -11240213 + 4?
-11240204
In base 10, what is -5 - 7903?
-7908
In base 7, what is 5 - 31041?
-31033
In base 14, what is -1d6d46 - 5?
-1d6d4b
In base 12, what is -74b + -17?
-766
In base 9, what is 27 + 35675?
35713
In base 12, what is 618 - -26?
642
In base 13, what is -1 - 24cc89?
-24cc8a
In base 13, what is 103274 - -4?
103278
In base 15, what is -2 - 40edc?
-40ede
In base 4, what is 12 - -10031?
10103
In base 11, what is -a2643 + 1?
-a2642
In base 10, what is -18 - 177665?
-177683
In base 2, what is 10111110010101 - 1001?
10111110001100
In base 15, what is 44383b + 2?
44383d
In base 5, what is -33 + -10444311?
-10444344
In base 16, what is 1d - -5e9?
606
In base 8, what is -757324 + 2?
-757322
In base 8, what is 43 - 6071?
-6026
In base 9, what is 60855 - 12?
60843
In base 7, what is 5512 + 23?
5535
In base 13, what is 402 - 18?
3b7
In base 9, what is -11128 + 2?
-11126
In base 7, what is 1 - 10540215?
-10540214
In base 15, what is 4 + -7ebc?
-7eb8
In base 10, what is -359224 - -10?
-359214
In base 4, what is -13 - -21222112?
21222033
In base 2, what is 101 + -11111010101110110?
-11111010101110001
In base 3, what is 101110222201 - 0?
101110222201
In base 6, what is 442 + -3025?
-2143
In base 13, what is 2ab24 - 1?
2ab23
In base 12, what is 88 - -7?
93
In base 9, what is -27 + 254?
226
In base 5, what is 0 + -314011?
-314011
In base 2, what is 111001010000 + 1101?
111001011101
In base